 = f + -3. What are the prime factors of w?
7
Suppose 945 + 199 = 11*i. List the prime factors of i.
2, 13
Let g = 4 - 12. Let m be ((-6)/g)/(3/(-12)). Let n(y) = -y**3 - y**2 + 3*y - 2. List the prime factors of n(m).
7
Let h(u) = u**3 + 4*u**2 - 5*u + 3. Let f be h(-5). Suppose f*m - c = -11, 20 = 3*c - 8*c. Let p = m - -9. List the prime factors of p.
2
Let u = -140 + 210. What are the prime factors of u?
2, 5, 7
Let h(j) = -j**2 + 6*j - 4. Let t be h(4). List the prime factors of (-2)/(-8) - (-47)/t.
2, 3
Suppose 4*l = 9*l. Let h(b) = b**2 - b + 3. Let y be h(l). Suppose -5*c + 30 = -y*c. What are the prime factors of c?
3, 5
What are the prime factors of -2 + (-36)/(-4) + -2?
5
List the prime factors of (-280)/(-7) + (-2)/2.
3, 13
Let m(s) = s**2 - s - 3. Let u be m(3). Suppose -4*t + 5*p = u, -5*p - 3 = 2. Let v = 3 - t. What are the prime factors of v?
5
Let q be -3 + 6 - (1 - -1). List the prime factors of (-4)/2 + 22 - q.
19
Suppose -78 = 4*j - 7*j. What are the prime factors of j?
2, 13
Let i(q) be the first derivative of -3*q**2 - 12*q - 2. Let s be i(-8). Suppose l = 5*l - s. What are the prime factors of l?
3
Let s(c) = -c**3 + 6*c**2 + 3*c - 5. List the prime factors of s(4).
3, 13
Let y = 2 - 3. Let j be (-2)/7 + 928/112. Let f = j - y. List the prime factors of f.
3
Suppose 0*b - 4*f = 5*b - 20, 0 = b - 4*f + 20. Suppose b*z - 4*z = -28. List the prime factors of z.
7
Let z = -36 - -79. What are the prime factors of z?
43
Let v = 4 + -9. Let x(g) = g**3 + 8*g**2 + 4*g - 4. Let b be x(v). Suppose t + 3*t - b = w, -45 = -5*t - 5*w. List the prime factors of t.
2, 3
Let u(q) = -q**2 + 16*q - 15. Suppose 0 = -5*x - 0*x + 65. List the prime factors of u(x).
2, 3
Let v(f) = -f**2 - 4*f. Let h be v(-4). Suppose -3*p + 8*p - 85 = h. What are the prime factors of p?
17
Suppose -5*d + 5*g = -280, 2*d + 7*g - 122 = 4*g. List the prime factors of d.
2, 29
Suppose -3 = -2*k - 31. Let t = -9 + 5. Let r = t - k. List the prime factors of r.
2, 5
Suppose 18 = -7*o + 4*o. Let s = -3 - o. List the prime factors of s.
3
List the prime factors of (-650)/4*14/(-7).
5, 13
Suppose 5*y + 34 = 3*z - z, 3*z - 4*y - 44 = 0. Let i = z + -6. List the prime factors of i.
2, 3
Let o be 4/18 - (-166)/(-18). Let w be 24/o + 4/6. List the prime factors of -2 - (-4 + 2/w).
3
Let g be (0 + 0)/(2 - 4). Suppose g = 2*d - d - 42. What are the prime factors of d?
2, 3, 7
Suppose -y + 41 - 16 = 0. What are the prime factors of y?
5
Let r = 21 - 15. Suppose 4*w - 4*n - 12 = 0, w - 4*n - 8 = -2. Suppose 0 = -w*g + 22 + r. List the prime factors of g.
2, 7
Let h(w) = w - 2. Let k be h(1). Let v be 0 - (1 - k) - 0. What are the prime factors of 0 - v/(-1) - -6?
2
Let d be 16/12*(4 + -1). Let j be 12/((-6)/d*-1). Let u = j - -3. What are the prime factors of u?
11
Let n(y) be the third derivative of -y**4/6 + 5*y**3/6 - 2*y**2. Let d(v) = -v + 1. Let g(i) = 5*d(i) - n(i). What are the prime factors of g(-2)?
2
Let l = 9 + 0. Suppose -3*a + 0 - l = -3*r, 1 = -2*r - 5*a. What are the prime factors of r?
2
Let w be 1/(-2) + 78/12. Let n be (-13)/(-3) + (-2)/w. Suppose n*f - 7 = 3*f. What are the prime factors of f?
7
Suppose -2*u - 33 + 197 = 0. Suppose -4*k + u + 32 = -2*a, -5*a = -2*k + 77. List the prime factors of k.
2, 13
Suppose -l - l + 12 = -2*o, -2*o - 8 = 0. List the prime factors of l.
2
Suppose 2*f + 8 = 0, -4*w - f + 40 = 2*f. What are the prime factors of w?
13
Let r be 2/9 + 48/27. Suppose 0 = -3*j + r*j + 2. Suppose j*f = 4 + 2. List the prime factors of f.
3
Let v(i) = 6*i**2 + 7*i + 19. List the prime factors of v(-4).
3, 29
Let v be 4/2 - (-25)/(-5). Let t(b) = b**3 + 2*b**2 - 5*b - 2. Let g be t(v). Suppose g*q - 5*q + 24 = 2*i, -40 = -2*i + 3*q. List the prime factors of i.
2, 7
Let k(f) be the first derivative of f**4/4 + 8*f**3/3 - 3*f**2/2 - 4*f + 7. List the prime factors of k(-8).
2, 5
Let i be (-10)/(-3 + 1) - -3. Let z(j) = j - 2. What are the prime factors of z(i)?
2, 3
Let k(f) = -2*f + 1 + 4*f - 5. Let n be k(3). List the prime factors of n*(-1 + 1 - -1).
2
Suppose 45 = -5*h + 940. List the prime factors of h.
179
Let m = -10 + 12. Suppose -2*w = -2*i + 12, i - 2*w - m = 3. What are the prime factors of i?
7
Let g(f) = f**3 + 6*f**2 + 2. Let c be g(-6). Suppose -s - 23 = -c*s. Let t = s + -11. List the prime factors of t.
2, 3
Let n be (64 + -1)/(-3)*2. Let q = n - -21. List the prime factors of 0 - (2 + q + -2).
3, 7
Let t = -124 - -234. Suppose -t = -4*m - 3*h, 4*m - 114 = -2*h + h. List the prime factors of m.
29
Let y(p) be the first derivative of p**2 - p + 1. Let o be -1 - -1 - (-5 + 3). What are the prime factors of y(o)?
3
Let p(a) = -3*a + 6*a + 5*a**2 + a**3 + 3*a**2 - 9. List the prime factors of p(-7).
19
Let w(v) = -8*v**3 + 3*v**2 + 5*v + 3. What are the prime factors of w(-2)?
3, 23
Let p(z) = z**2 - z - 3. Let g be p(3). Suppose 5*a - g*c - 11 = -2*c, -2*c - 1 = -3*a. What are the prime factors of a?
3
Suppose 0 = 3*r - 30 - 27. What are the prime factors of r?
19
Let m(i) be the first derivative of -i**4/4 + 2*i**3 + 9*i**2/2 - 5*i + 1. Let t(k) = -k**2 + k + 7. Let l be t(0). What are the prime factors of m(l)?
3
Let d = -15 + 66. Suppose -4*a + 1 = -d. Suppose 2*h - 18 = -g, -2*h + 7 + a = 2*g. List the prime factors of h.
2
Suppose -2*z + 9 = 1. Let k be 9*z/(6/(-3)). Let g = 3 - k. What are the prime factors of g?
3, 7
List the prime factors of 86/8 - (-2)/8.
11
Let o be (-972)/45*(1 - 6). Suppose -z + o = 3*z. What are the prime factors of z?
3
Let z be -2 - ((-4)/(-2) - 6). List the prime factors of z - -1 - 1*-4.
7
Let p be (-2)/(-3 - (-15)/6). Let c = p - -12. List the prime factors of c.
2
Let t(j) = j**2 - 2*j - 7. Let q be t(5). Let o = q - 4. List the prime factors of (2/o)/((-3)/(-18)).
3
Let l(h) = -h - 4. Let x be l(4). Suppose -2*n + 4 = -6*n. List the prime factors of x/(-2) - (n + 3).
2
Let c be -9 + (4 - (0 - -3)). List the prime factors of ((-2)/(-3))/(c/(-36)).
3
Suppose -p - 21 + 62 = 0. What are the prime factors of p?
41
Let s(b) = -10*b - 4. Let w be s(-3). Let n = w + 2. What are the prime factors of n?
2, 7
Let w(t) = -5 - 5 - 3*t + 0 + 3. Let f(p) = 2*p + 6. Let v be f(-7). What are the prime factors of w(v)?
17
Let c be 0 - -7*(-2 + 3). Let t = -4 + c. What are the prime factors of t?
3
Suppose -21 = 4*s - 137. What are the prime factors of s?
29
Suppose o = 2 - 1. Let s = -3 - -6. Suppose -37 = -3*l + z, 4 = -s*z + o. What are the prime factors of l?
2, 3
Suppose -7 = -7*l + 6*l. List the prime factors of l.
7
Suppose -4*k - k + 40 = 0. Suppose 0 = 3*l - 32 + k. What are the prime factors of l?
2
Let q(g) = -4*g + 6. What are the prime factors of q(-12)?
2, 3
Let s = 5 + -3. Suppose s*o + m = -3*m + 32, 5*o - 3*m = 15. What are the prime factors of (15/(-2))/((-3)/o)?
3, 5
Let p = 117 + 7. List the prime factors of p.
2, 31
Suppose f - 191 + 54 = 0. List the prime factors of f.
137
Suppose 1 + 11 = 2*d. Let a(h) = -h**2 + 3*h + 4. Let j be a(d). Let v = 23 + j. What are the prime factors of v?
3
What are the prime factors of 8/10*(-13580)/(-56)?
2, 97
Suppose 4*x - x = 18. Let t(r) = -r**3 - 15*r**2 + 2. Let l be t(-15). What are the prime factors of ((-14)/x)/(l/(-6))?
7
Let l = 18 - 19. List the prime factors of -2*((-3)/6 + l).
3
Let v(u) be the third derivative of u**6/120 - u**4/24 + 10*u**3/3 - 2*u**2. Let d be v(0). Suppose -4*n = -6*n + d. What are the prime factors of n?
2, 5
Let t(d) = -d**3 + 6*d**2 + 4*d + 2. Let p = 3 - -3. What are the prime factors of t(p)?
2, 13
Suppose 0 = 2*i + 25 - 11. Let y = -1 - i. What are the prime factors of y?
2, 3
Let z = -15 - -43. Let d = z + -8. What are the prime factors of d?
2, 5
Let h = -28 + 54. Suppose -18 = -2*f - 0*f + t, -2*t - h = -3*f. List the prime factors of f.
2, 5
Let n(q) = 4*q - 1. Let b be 2 + 1 + -5 + 3. Let k be n(b). Suppose -3*i + k*m = -15, 3*i + 0*i - 4*m = 15. What are the prime factors of i?
5
Let j(q) = -q**2 - 6*q - 2. Let k be 42/(-10) + 4/20. Let t be j(k). List the prime factors of 18/4*16/t.
2, 3
Suppose 5*m - 1229 = 2*l - 6*l, 3*m = 4*l - 1221. What are the prime factors of l?
2, 3, 17
Suppose -5*b + 3*b + 26 = 0. Suppose -b - 5 = -h. List the prime factors of h.
2, 3
Let f(n) = -n + 8. Let q be f(4). Suppose -77 =